5557
What are the prime factors of 3366547176?
2, 3, 31, 601, 7529
List the prime factors of 5331606120.
2, 3, 5, 43, 163, 2113
What are the prime factors of 1945467225?
3, 5, 13, 665117
List the prime factors of 308672373.
3, 2383, 43177
List the prime factors of 326571889.
7, 359, 129953
What are the prime factors of 974489983?
974489983
List the prime factors of 425310279.
3, 141770093
What are the prime factors of 226960378?
2, 3313, 34253
List the prime factors of 1444961454.
2, 3, 240826909
What are the prime factors of 441554588?
2, 3583, 30809
What are the prime factors of 7581857672?
2, 29, 73, 447677
List the prime factors of 2784933.
3, 309437
List the prime factors of 720678119.
7, 37, 47, 73, 811
What are the prime factors of 27029307?
3, 9009769
List the prime factors of 6341116966.
2, 3170558483
List the prime factors of 238689928.
2, 17, 59, 151, 197
List the prime factors of 1443747610.
2, 5, 17, 8492633
What are the prime factors of 574453309?
574453309
List the prime factors of 522141339.
3, 31, 1979, 2837
List the prime factors of 26807775.
3, 5, 357437
List the prime factors of 424049038.
2, 7, 4327031
What are the prime factors of 70821833?
53, 1336261
What are the prime factors of 136671684?
2, 3, 31, 367397
List the prime factors of 47383643.
37, 53, 73, 331
What are the prime factors of 1275074996?
2, 13, 179, 136987
List the prime factors of 336483280.
2, 5, 7, 73, 8231
List the prime factors of 153496568.
2, 101, 271, 701
List the prime factors of 476861445.
3, 5, 67, 52721
What are the prime factors of 221374661?
29, 97, 78697
List the prime factors of 722571701.
877, 823913
What are the prime factors of 118225080?
2, 3, 5, 79, 4157
What are the prime factors of 45275531?
7, 31, 37, 5639
List the prime factors of 3842976568.
2, 89, 1423, 3793
What are the prime factors of 60016330?
2, 5, 11, 337, 1619
List the prime factors of 28509647.
37, 233, 3307
List the prime factors of 2228864.
2, 11, 1583
List the prime factors of 228348787.
109, 2094943
List the prime factors of 1658676588.
2, 3, 5477, 25237
What are the prime factors of 1040373294?
2, 3, 47, 83, 44449
What are the prime factors of 522579378?
2, 3, 87096563
List the prime factors of 1036243368.
2, 3, 643, 829
List the prime factors of 43613958.
2, 3, 811, 8963
List the prime factors of 4641650579.
193, 3037, 7919
List the prime factors of 472989381.
3, 67, 181, 13001
List the prime factors of 783541406.
2, 41, 199, 48017
What are the prime factors of 14811355?
5, 13, 19, 67, 179
List the prime factors of 252541547.
199, 983, 1291
What are the prime factors of 11063094?
2, 3, 7, 29, 31, 293
What are the prime factors of 15451890?
2, 3, 5, 227, 2269
What are the prime factors of 5713806?
2, 3, 7, 136043
List the prime factors of 1385623223.
1385623223
List the prime factors of 139244230.
2, 5, 109, 127747
What are the prime factors of 180849947?
180849947
List the prime factors of 76119998.
2, 38059999
What are the prime factors of 168932022?
2, 3, 7, 4022191
What are the prime factors of 36659093?
53, 691681
What are the prime factors of 32144720?
2, 5, 401809
What are the prime factors of 471470743?
71, 421, 15773
List the prime factors of 122179427.
23, 71, 3253
What are the prime factors of 905652589?
37, 24477097
What are the prime factors of 3133933?
11, 17, 16759
List the prime factors of 2008956058.
2, 73, 1223, 11251
What are the prime factors of 784734248?
2, 31, 3164251
List the prime factors of 147479306.
2, 13, 149, 38069
List the prime factors of 3218055144.
2, 3, 134085631
What are the prime factors of 398924636?
2, 11, 9066469
List the prime factors of 1281545604.
2, 3, 2389, 4967
List the prime factors of 191074798.
2, 17, 83, 67709
What are the prime factors of 6910675273?
6910675273
List the prime factors of 211345441.
109, 1938949
List the prime factors of 218436404.
2, 1889, 28909
What are the prime factors of 93734304?
2, 3, 137, 7127
What are the prime factors of 12706863?
3, 13, 167, 1951
What are the prime factors of 980435744?
2, 30638617
What are the prime factors of 28211350?
2, 5, 564227
What are the prime factors of 96256674?
2, 3, 31, 6389
What are the prime factors of 951825804?
2, 3, 79318817
What are the prime factors of 3889501062?
2, 3, 4363, 148579
What are the prime factors of 2054259182?
2, 727, 1412833
What are the prime factors of 8079724?
2, 2019931
What are the prime factors of 407522336?
2, 13, 19, 47, 1097
What are the prime factors of 60444937?
7, 461, 18731
List the prime factors of 49544806.
2, 23, 397, 2713
What are the prime factors of 1890788446?
2, 89, 127, 83641
List the prime factors of 480870859.
7, 67, 71, 2063
List the prime factors of 793717414.
2, 7, 29, 37, 52837
List the prime factors of 1629807148.
2, 407451787
List the prime factors of 1074327855.
3, 5, 71621857
List the prime factors of 3173780.
2, 5, 31, 5119
List the prime factors of 9425267.
227, 41521
What are the prime factors of 1179454402?
2, 7, 37, 83, 3919
What are the prime factors of 8901202239?
3, 23, 3251, 4409
List the prime factors of 9534384570.
2, 3, 5, 317812819
What are the prime factors of 338248885?
5, 13, 823, 6323
What are the prime factors of 55906107?
3, 577, 32297
List the prime factors of 129303720.
2, 3, 5, 7, 13, 3947
What are the prime factors of 98708188?
2, 17, 499, 2909
What are the prime factors of 970095654?
2, 3, 11, 19, 257867
List the prime factors of 2122989205.
5, 424597841
List the prime factors of 330017218.
2, 3221, 51229
List the prime factors of 896499201.
3, 13, 1768243
What are the prime factors of 17538849?
3, 17, 47, 271
What are the prime factors of 11598014?
2, 5799007
What are the prime factors of 4884993556?
2, 19, 5717, 11243
List the prime factors of 14598673.
14598673
What are the prime factors of 1458282604?
2, 19, 67, 15073
What are the prime factors of 1775605438?
2, 887802719
What are the prime factors of 10463105?
5, 2092621
What are the prime factors of 721014010?
2, 5, 72101401
List the prime factors of 328034537.
328034537
List the prime factors of 142770298.
2, 11, 6489559
What are the prime factors of 4343253745?
5, 868650749
What are the prime factors of 36375116?
2, 317, 28687
What are the prime factors of 9781883?
71, 311, 443
What are the prime factors of 153605693?
17, 83, 108863
What are the prime factors of 155270839?
83, 1870733
List the prime factors of 69445023.
3, 61, 6221
What are the prime factors of 57555355?
5, 11, 13, 101, 797
List the prime factors of 1247464818.
2, 3, 7691, 9011
What are the prime factors of 21359900?
2, 5, 213599
List the prime factors of 499167780.
2, 3, 5, 53, 156971
List the prime factors of 17659966.
2, 8829983
What are the prime factors of 880679514?
2, 3, 11, 13, 47, 21839
List the prime factors of 97366709.
11, 127, 69697
List the prime factors of 156552508.
2, 7, 43, 130027
List the prime factors of 576712715.
5, 127, 953
List the prime factors of 208042276.
2, 13, 4000813
What are the prime factors of 101516916?
2, 3, 2377, 3559
What are the prime factors of 120104699?
11, 13, 89, 9437
List the prime factors of 326687380.
2, 5, 353, 46273
What are the prime factors of 5173324021?
461, 11221961
What are the prime factors of 75134449?
13, 5779573
What are the prime factors of 66288899?
17, 3899347
What are the prime factors of 15133205?
5, 43, 59, 1193
What are the prime factors of 137936133?
3, 79, 194003
List the prime factors of 4781427375.
3, 5, 103, 123791
List the prime factors of 3914052120.
2, 3, 5, 11, 17, 53, 1097
What are the prime factors of 45859181?
45859181
List the prime factors of 72704463.
3, 13, 1864217
List the prime factors of 348854354.
2, 277, 629701
List the prime factors of 147790424.
2, 18473803
What are the prime factors of 152900925?
3, 5, 103, 19793
List the prime factors of 456014710.
2, 5, 41, 751, 1481
List the prime factors of 1338589808.
2, 541, 154643
List the prime factors of 50773624.
2, 11, 19, 30367
What are the prime factors of 763540755?
3, 5, 50902717
What are the prime factors of 3809703229?
53, 3413, 21061
List the prime factors of 21166640.
2, 5, 11, 67, 359
List the prime factors of 544510329.
3, 11, 16500313
List the prime factors of 653524235.
5, 7, 13, 1123, 1279
What are the prime fact